 digit of 32990037?
9
What is the tens digit of 735649?
4
What is the tens digit of 224161?
6
What is the hundred thousands digit of 6040455?
0
What is the units digit of 822374?
4
What is the hundred thousands digit of 576917?
5
What is the units digit of 226098?
8
What is the hundreds digit of 2943285?
2
What is the tens digit of 1109687?
8
What is the tens digit of 66588?
8
What is the hundred thousands digit of 459599?
4
What is the hundred thousands digit of 985855?
9
What is the hundreds digit of 360323?
3
What is the millions digit of 4816640?
4
What is the ten thousands digit of 80855?
8
What is the units digit of 16028328?
8
What is the tens digit of 829332?
3
What is the hundreds digit of 213479?
4
What is the hundred thousands digit of 11120656?
1
What is the hundred thousands digit of 30770799?
7
What is the units digit of 85266?
6
What is the hundred thousands digit of 12425317?
4
What is the millions digit of 3087859?
3
What is the units digit of 14023759?
9
What is the ten thousands digit of 2957708?
5
What is the hundreds digit of 1557051?
0
What is the units digit of 1493925?
5
What is the ten thousands digit of 81740?
8
What is the tens digit of 216717?
1
What is the hundreds digit of 131651?
6
What is the units digit of 226616?
6
What is the units digit of 2510556?
6
What is the thousands digit of 752021?
2
What is the hundreds digit of 13614363?
3
What is the hundreds digit of 129368?
3
What is the tens digit of 6289865?
6
What is the thousands digit of 1584584?
4
What is the hundreds digit of 166975?
9
What is the thousands digit of 777688?
7
What is the hundred thousands digit of 8366520?
3
What is the hundred thousands digit of 636105?
6
What is the hundred thousands digit of 597108?
5
What is the units digit of 32628614?
4
What is the tens digit of 3548947?
4
What is the thousands digit of 16506?
6
What is the units digit of 555712?
2
What is the hundreds digit of 224349?
3
What is the hundreds digit of 389051?
0
What is the thousands digit of 160609?
0
What is the hundreds digit of 746789?
7
What is the units digit of 843927?
7
What is the tens digit of 7505076?
7
What is the thousands digit of 5648245?
8
What is the hundred thousands digit of 9969046?
9
What is the units digit of 334410?
0
What is the hundred thousands digit of 723464?
7
What is the units digit of 1089399?
9
What is the thousands digit of 5040794?
0
What is the ten thousands digit of 11150551?
5
What is the hundred thousands digit of 2236131?
2
What is the hundreds digit of 1486500?
5
What is the hundreds digit of 4309996?
9
What is the hundreds digit of 4196010?
0
What is the hundreds digit of 3620746?
7
What is the tens digit of 4217454?
5
What is the units digit of 1634222?
2
What is the thousands digit of 7319282?
9
What is the ten thousands digit of 1094143?
9
What is the hundred thousands digit of 487386?
4
What is the thousands digit of 321644?
1
What is the ten thousands digit of 1883540?
8
What is the hundreds digit of 1364440?
4
What is the thousands digit of 494824?
4
What is the thousands digit of 1129349?
9
What is the tens digit of 300976?
7
What is the hundreds digit of 56297?
2
What is the thousands digit of 211425?
1
What is the ten thousands digit of 613849?
1
What is the hundred thousands digit of 226895?
2
What is the tens digit of 438738?
3
What is the hundreds digit of 4904813?
8
What is the ten thousands digit of 1519560?
1
What is the hundreds digit of 15660010?
0
What is the hundred thousands digit of 667999?
6
What is the tens digit of 69766?
6
What is the hundreds digit of 372746?
7
What is the hundred thousands digit of 6130703?
1
What is the thousands digit of 5395439?
5
What is the hundred thousands digit of 34527954?
5
What is the ten thousands digit of 975398?
7
What is the ten thousands digit of 21295363?
9
What is the hundred thousands digit of 197171?
1
What is the hundred thousands digit of 128162?
1
What is the tens digit of 21802?
0
What is the hundreds digit of 177897?
8
What is the hundreds digit of 384378?
3
What is the hundred thousands digit of 9996172?
9
What is the millions digit of 2209137?
2
What is the hundreds digit of 2290103?
1
What is the thousands digit of 9436230?
6
What is the thousands digit of 6904?
6
What is the ten thousands digit of 764290?
6
What is the tens digit of 309366?
6
What is the millions digit of 6412265?
6
What is the units digit of 1482260?
0
What is the tens digit of 605911?
1
What is the tens digit of 561006?
0
What is the millions digit of 3921808?
3
What is the hundred thousands digit of 506765?
5
What is the tens digit of 79824?
2
What is the units digit of 2703512?
2
What is the ten thousands digit of 244453?
4
What is the ten thousands digit of 2785992?
8
What is the units digit of 347172?
2
What is the tens digit of 194398?
9
What is the ten thousands digit of 403736?
0
What is the tens digit of 781124?
2
What is the hundreds digit of 4973865?
8
What is the hundreds digit of 5990983?
9
What is the units digit of 86450?
0
What is the hundreds digit of 110397?
3
What is the tens digit of 6366?
6
What is the tens digit of 611249?
4
What is the hundreds digit of 1034296?
2
What is the tens digit of 146515?
1
What is the hundreds digit of 2199801?
8
What is the thousands digit of 185119?
5
What is the thousands digit of 16683680?
3
What is the hundred thousands digit of 2066885?
0
What is the thousands digit of 199881?
9
What is the millions digit of 8341487?
8
What is the units digit of 6379776?
6
What is the hundreds digit of 3895876?
8
What is the millions digit of 2362850?
2
What is the units digit of 775710?
0
What is the tens digit of 130449?
4
What is the ten thousands digit of 4852318?
5
What is the units digit of 4813054?
4
What is the millions digit of 12605797?
2
What is the thousands digit of 2310202?
0
What is the hundreds digit of 784331?
3
What is the hundreds digit of 3481282?
2
What is the millions digit of 2417557?
2
What is the ten thousands digit of 4008206?
0
What is the ten thousands digit of 398297?
9
What is the thousands digit of 19413?
9
What is the ten thousands digit of 453291?
5
What is the hundreds digit of 10627378?
3
What is the ten thousands digit of 8883123?
8
What is the units digit of 115316?
6
What is the tens digit of 7681400?
0
What is the ten thousands digit of 2691326?
9
What is the thousands digit of 2139678?
9
What is the ten thousands digit of 70247?
7
What is the thousands digit of 9438955?
8
What is the ten thousands digit of 40311832?
1
What is the millions digit of 24900527?
4
What is the units digit of 247707?
7
What is the millions digit of 1452976?
1
What is the hundred thousands digit of 359539?
3
What is the hundred thousands digit of 2305984?
3
What is the millions digit of 40029121?
0
What is the tens digit of 2625739?
3
What is the millions digit of 2367735?
2
What is the hundred thousands digit of 696905?
6
What is the ten thousands digit of 565765?
6
What is the hundreds digit of 206955?
9
What is the units digit of 534281?
1
What is the hundreds digit of 122704?
7
What is the hundred thousands digit of 6873981?
8
What is the units digit of 429481?
1
What is the ten thousands digit of 332316?
3
What is the tens digit of 11810?
1
What is the tens digit of 3496082?
8
What is the millions digit of 5719488?
5
What is the ten thousands digit of 28182?
2
What is the units digit of 31665188?
8
What is the tens digit of 230705?
0
What is the ten thousands digit of 331710?
3
What is the thousands digit of 696634?
6
What is the hundred thousands digit of 1605265?
6
What is the hundreds digit of 7010?
0
What is the millions digit of 1348208?
1
What is the hundred thousands digit of 300890?
3
What is the millions digit of 5047762?
5
What is the ten thousands digit of 872005?
7
What is the thousands digit of 319436?
9
What is the tens digit of 64710?
1
What is the thousands digit of 253630?
3
What is the millions digit of 3186641?
3
What is the millions digit of 23182183?
3
What is the tens digit of 4413125?
2
What is the units digit of 921441?
1
What is the units digit of 824430?
0
What is the units digit of 760234?
4
What is the ten thousands digit of 11320319?
2
What is the thousands digit of 208728?
8
What is the ten thousa